igit of s?
7
Let g(k) = -6*k**2 + 0*k + 4*k + 46*k**2 - 3*k. Let f(i) = i - 7. Let c be f(8). What is the tens digit of g(c)?
4
Suppose -1 + 4 = 3*l, z = -4*l - 1. Let t = z - -8. What is the tens digit of (120/1)/t - -3?
4
Let c(n) = 34*n**2 + 2*n - 2. Let a be c(3). Let m = -68 - a. What is the units digit of m/(-12) - (-2)/(-4)?
1
Let x = 21 + 419. What is the tens digit of x?
4
Suppose 2*d - 4*d + 4*s - 1152 = 0, -2*s - 1696 = 3*d. Let z = d - -811. What is the hundreds digit of z?
2
Let p be 1*-1 + 56 - (4 - 7). Let v = p - 0. What is the units digit of v?
8
Suppose -5*n + q = -477, 2*n = -2*q + q + 195. Let j = 276 - n. What is the tens digit of j?
8
Let b(m) = -841*m - 157. What is the units digit of b(-5)?
8
Let o(s) = -s - 10. Let l be o(-14). Let v be (-1)/l + (-549)/(-36). Suppose 4*j = 2*d - 28, -2*d + j + 19 = -v. What is the tens digit of d?
1
Let s = -19 + 52. Let i = 40 - s. What is the units digit of i?
7
Let a(v) = -v**2 + 19*v - 18. Let b be a(18). Suppose 3*j - 5 - 1 = b. Suppose -j*o + 0*o = -26. What is the units digit of o?
3
Suppose -4*g + 4134 = 5*n, 2*n + 613 + 1445 = 2*g. What is the units digit of g?
1
Suppose 0 = -3*g + 7608 - 2703. What is the hundreds digit of g?
6
Suppose 2*r - 4*u - 1016 = 0, -2*r + 2*u = 3*r - 2540. What is the tens digit of r?
0
Let u = 6 - 3. Suppose -p + 117 = -k, -591 = u*p - 8*p + 3*k. What is the units digit of p?
0
Suppose -2*k = -4*c - 126, -5*c - 126 = -2*k - 2*c. Suppose -12 = -3*p + k. What is the units digit of 190/p - 4/(-10)?
8
Let i(w) = -w**2 + 11*w + 4. Suppose -3*o + 1 - 27 = -r, -5*r = -5*o - 80. Let v be i(r). Let k = v - -11. What is the tens digit of k?
1
Suppose 0 = -4*k + 9*k + w + 7728, 3*k + 4*w = -4630. What is the units digit of k/(-8) - -5*2/(-40)?
3
Let q = 165 + -90. Suppose q = -6*j + 1299. What is the hundreds digit of j?
2
Suppose -2201 = -15*a + 874. What is the tens digit of a?
0
Suppose -l = 3*d - 49, 2*d + l = -2*l + 42. Let q(a) = a**2 - 16*a - 3. Let v be q(d). What is the tens digit of 2/(-6) + (-618)/v?
3
Let f(j) = -9*j + 3. Let s be f(-2). Suppose r = -2*l + 4 + s, 2*r - l = 75. What is the units digit of r?
5
Suppose -10 = -5*p, -16*o + 4*p + 67 = -13*o. Suppose 17*z - o*z = -1232. What is the units digit of z?
4
Suppose -3*z - 5*m = -5143, 4*z - 4630 - 2184 = 2*m. What is the hundreds digit of z?
7
Suppose 5044 = 13*c + 13754. Let g = c - -998. What is the tens digit of g?
2
Suppose 7*a - 2*a - 25 = 0, -2*k = 2*a - 2. What is the tens digit of k/(-4) + -1 - (-227 + 0)?
2
Let l(x) = 8*x + 11. Suppose -2*z = -10*z + 32. What is the tens digit of l(z)?
4
Let v = -355 - -662. What is the units digit of v?
7
What is the hundreds digit of 6 + -11 - 415*-10?
1
Suppose 27*b - 2*b - 7550 = 0. What is the tens digit of b?
0
Let u be (-1 + (-24)/(-15))*495. Suppose -2*s + 197 = -u. What is the units digit of s?
7
Suppose -269*b - 4600 = -279*b. What is the units digit of b?
0
Let o = -15 - -44. Suppose -t = -129 + o. Suppose -5*c - 4*d + t = 0, 0*c + 4*c + d - 91 = 0. What is the tens digit of c?
2
Let s(t) = 77*t - 5. What is the units digit of s(3)?
6
Let y be (-118)/(-6) + 7/21. Let n(g) = g**3 - 20*g**2 + 2*g - 20. What is the tens digit of n(y)?
2
Suppose d + 2*z = 169 + 50, 3*z = -4*d + 866. What is the hundreds digit of d?
2
Suppose -55 = -3*c + 53. Let l = 32 - c. Let p(f) = -12*f - 4. What is the units digit of p(l)?
4
Let j = -76 - -81. Suppose -j*h + 536 = 4*o, -5*o + 3*h + h + 670 = 0. What is the hundreds digit of o?
1
Let c = 15 - -329. What is the hundreds digit of c?
3
Let d = -12 - -29. Suppose 22*h - 685 = d*h. What is the tens digit of h?
3
Let z(o) = o**3 - 8*o**2 + 15*o - 7. Suppose -3*r + 3*t - 8*t + 13 = 0, -15 = -2*r + 3*t. What is the tens digit of z(r)?
1
Let p = 18 + -69. Let r = p - -22. Let h = 41 + r. What is the units digit of h?
2
Let z = -25 - -28. Suppose 5 + 1 = -z*s. What is the units digit of -1 - s - (-9 - -4)?
6
What is the tens digit of (-4)/80*-5*476?
1
Let n be 2/(-3) + (-752)/(-12). Let u = -297 + 399. Let x = u - n. What is the tens digit of x?
4
What is the units digit of (-8 - (-40)/6)*2181/(-2)?
4
What is the tens digit of -6 + (-23)/(46/(-2292))?
4
Let y(x) = 123*x**2 - 7*x + 15. What is the units digit of y(2)?
3
Suppose -2*j + 5*m + 159 = 0, -5*m + 80 + 29 = 2*j. Suppose 3*g - 448 = -j. What is the tens digit of g?
2
Let o be (-13 - -13) + (-1 - -4). Suppose -4*b + 120 = -2*i, -6*b + o*b + 85 = i. What is the units digit of b?
9
Suppose -4*t = -2*t - 82. Let u = t + -29. Let d = 19 - u. What is the units digit of d?
7
Let c be 120 - -3*(-2)/2. Suppose 3*n = -2*n - 5*b - 170, 4*b = 4*n + 136. Let w = n + c. What is the units digit of w?
3
Let m be (-91)/(-2) + (-6)/(-4). Let f = m + 18. What is the tens digit of f?
6
Let f(c) = c**2 - 8*c - 1. Let b be f(7). Let a be (3 + 20/b)*6. What is the units digit of (-13 - 2)/a*-3?
5
Let n(x) be the third derivative of x**5/20 + 5*x**4/24 - x**3/6 - 8*x**2. What is the units digit of n(-9)?
7
What is the hundreds digit of (56 - 57)/(2/(-5758))?
8
Let w be (-6)/9*(-108)/1. Suppose -w = -5*b + 58. What is the units digit of b?
6
Let a = 149 + -150. Let x(w) = -13*w**2 + w - 4. Let b(f) = f**2 + 1. Let v(i) = -5*b(i) - x(i). What is the units digit of v(a)?
8
Let n be 2/8 + (-15)/(-4). Let s(f) = -1 + 3*f**3 - 7*f**2 - 8*f - n*f**3 - 2*f**2 - 9. What is the tens digit of s(-9)?
6
Suppose 40 = 2*s + 3*s. Let l(o) = -9*o**2 + 1 + 7 + o**3 + 0 - 1 + 9*o. What is the units digit of l(s)?
5
Suppose -s = 3*d - 2230, 0*d + 5*s + 1515 = 2*d. What is the tens digit of d?
4
Let s = -146 + 71. Let h(v) = 8*v**2 + 4. Let j be h(-4). Let g = s + j. What is the tens digit of g?
5
Suppose 3*t + 12 = -96. Let s = 38 + t. What is the units digit of s?
2
Let b(y) = -11*y + 2 - 1 + 8. Let l(n) = -n**3 - 7*n**2 + 10*n + 12. Let t be l(-8). What is the units digit of b(t)?
3
Let f = 1623 + -1076. What is the tens digit of f?
4
Suppose -5*f - 102 = -7*f. Let k = 177 - f. What is the tens digit of k?
2
Let m = -11 - -657. Suppose -4*z + 7*j - 2*j + m = 0, -5*j + 502 = 3*z. What is the tens digit of z?
6
Suppose 2*w = -3*w - 30. Let s = 0 - w. Suppose s*l + 2*x = 3*l + 140, -5*l = 2*x - 228. What is the tens digit of l?
4
Suppose 3*f - 3471 = -3*r, 2*f + r - 191 = 2120. What is the thousands digit of f?
1
Suppose -t = 16 - 94. Let y(s) = s**3 - 5*s**2 - s + 5. Let i be y(5). Suppose i = 5*u + h - 68, -u = -6*u + 4*h + t. What is the tens digit of u?
1
Let s = -4988 - -7448. What is the thousands digit of s?
2
Suppose 30 = -16*x + 94. Let k(y) = 10*y**2 + 16*y + 2. What is the hundreds digit of k(x)?
2
Let p(h) = -h**3 + 6*h**2 - 11*h + 4. Let w be p(4). What is the units digit of (5 - 0)*w/(-8)?
5
Suppose -5*b = -59 + 4. Let n = b - 42. Let y = 11 - n. What is the tens digit of y?
4
Let r be (-7)/(-3) - 6/(-9). Suppose -r*q + 236 = q. Let f = -26 + q. What is the units digit of f?
3
Let o be 8/36 + (-608)/(-18). Suppose 0 = 9*x - 2 - o. What is the units digit of x?
4
Let m(g) = -5*g**2 + 1 + 7 - 8*g + 4*g**2 + 0*g**2. Let t be m(-8). Suppose -2*r = t - 40. What is the tens digit of r?
1
Suppose -288730 = -49*j - 16*j. What is the units digit of j?
2
Suppose 130 = -2*p - 36. Let w = 167 + p. What is the units digit of w?
4
Let r(l) = l**2 + 109*l - 2. What is the thousands digit of r(9)?
1
What is the hundreds digit of -1*(-684 - (6 - 9))?
6
Let s = -98 + 38. Let y be (8/(-5))/(8/s). Suppose -3*x = -2*x - y. What is the tens digit of x?
1
Suppose -9*w = -11*w - 3*u + 1187, 0 = -2*w + 2*u + 1192. What is the tens digit of w?
9
Let q(x) = 2*x**2 + 10*x - 10. Let d be -1*(-2)/(-2) - 7. What is the units digit of q(d)?
8
Suppose 0 = 22*z - 19*z - 3597. What is the units digit of z?
9
Let u(i) = -2*i**3 - 4*i**2 + 3*i + 16. What is the tens digit of u(-4)?
6
Let n(s) = -s**3 - 8*s**2 - 4*s - 1. Let v be n(-5). Let g = -26 - v. What is the units digit of g?
0
Let c be 3 + 0 + -4 + 3. Suppose -c*z + 25 = -z. Let s = z + 7. What is the tens digit of s?
3
Let l be 48 + (-2 - (-5 + 4)). Suppose u = -1, 3*b - 3*u - l = 2*b. What is the units digit of b?
4
Let x = 1982 + -1029. What is the tens digit of x?
5
Suppose -140 = -3*o + 5*g, -o - 9*g = -8*g - 52. What is the units digit of o?
0
Let p(q) = 22 +